v - 23*v + v**2. Suppose -s = j - 0*s - 3, -5*s = 3*j - 17. Let a(w) = -5*w**3 + 2*w**2 + w. Let h be a(j). What is u(h)?
6
Let o(j) = -2 + j + 3*j - 2. Let m = -74 - -74. Suppose 0 = -4*x - 0*x + 2*h + 6, -3*x + h + 6 = m. What is o(x)?
8
Let u(m) be the first derivative of m**3/3 - 2*m**2 - m - 2. Let h = 37 + -9. Suppose -h = -4*f - 16. What is u(f)?
-4
Let u(y) = 4*y + 7. Let f(m) = 3*m - 1. Let a(t) = t. Let b(r) = -7*a(r) + 2*f(r). Let d(o) = -7*b(o) - 2*u(o). Give d(-7).
7
Let h(f) = -6 + 2 + 0*f**2 + 5*f**2 + f**3. Let i(y) = -5*y**2 - y + 1. Let v be i(-2). Let b = 12 + v. What is h(b)?
-4
Let i(n) be the first derivative of n**4/4 - 4*n**3/3 - 5*n**2/2 - 4*n - 407. Give i(5).
-4
Let l(k) be the first derivative of -k**3/3 - k**2 - 12*k - 219. What is l(0)?
-12
Let a(p) = p**3 + 5*p**2 + p. Suppose -c = -6*c - 470. Let g be c/18 + (-2)/(-9). Calculate a(g).
-5
Let h(d) = d**3 - 4*d**2 - d - 3. Suppose -6 = 2*w - 5*w. Suppose 0 = 3*v - 3*i - 9, -i = 5*v - w*i - 15. Suppose -x = 2 + 3, -v*x = -n + 19. What is h(n)?
-7
Suppose t - 2*t - 3*k = 7, 0 = -2*t + 3*k + 31. Let d(y) = y - 8. Determine d(t).
0
Let s(y) be the third derivative of y**6/120 + y**5/4 + y**4/24 + 3*y**3 - 89*y**2. Determine s(-15).
3
Suppose -5*y + 10*y - 25 = 0. Let o(d) be the first derivative of -d**4/4 + 5*d**3/3 - d**2 - d - 24. Give o(y).
-11
Suppose -3*y + 191 = 5*t + 176, -y - 4*t = -5. Let a(l) = 3 - 4*l**2 + 2*l**2 + 7*l - 1. What is a(y)?
-13
Let c(g) = -2*g**2 - g + 3. Let x(j) be the first derivative of -j**3/3 - j**2/2 + 2*j - 7. Let s(z) = -2*c(z) + 5*x(z). Determine s(-3).
4
Let z(t) be the third derivative of t**5/60 + 19*t**4/24 - 4*t**3/3 - t**2 - 132. Determine z(-19).
-8
Suppose -4*y + 5 = 1, -5*x = -y + 1. Let f = 9 + -5. Let n(a) = -12*a**2 + f*a**2 - 7 + 7*a**2 - a**3 + a. What is n(x)?
-7
Suppose 3*t - l - 1 = t, 0 = -5*t + 3*l + 2. Let w(n) = n**3 - n**2 + n. Let a(v) = 3*v**3 - 10*v**2 + 13*v + 7. Let g(p) = t*a(p) - 4*w(p). Give g(-7).
-7
Let d = 1 + -5. Let h(z) = -5*z**3 + 34*z**2 - 39*z - 24. Let s(m) = -m**3 + 8*m**2 - 9*m - 6. Let j(n) = -2*h(n) + 9*s(n). What is j(d)?
6
Let f(r) be the second derivative of -2*r**3/3 - 3*r**2 + 8*r. Let s(l) = l**3 + 7*l**2 - 7*l - 54. Let n be s(-7). Give f(n).
14
Suppose 12 = 5*p - 3. Let u(n) = n**2 - 4*n + 2. Determine u(p).
-1
Let a be ((-8)/10)/(10 + (-912)/95). Let f(n) = -2*n**3 - 3*n**2 - 2*n - 3. Give f(a).
5
Suppose -y - 12 = -4*y. Let x = 55 - 34. Suppose 5*w - 5 = -y*s, 5*s - x = -3*w - 5. Let m(o) = -o**3 + 6*o**2 - 6*o + 2. Give m(s).
-3
Suppose 1 = -4*h + j + 4, 4*h + 17 = 5*j. Let i(w) be the first derivative of -1 + h*w - 1/2*w**2. Give i(0).
2
Let q be 0 + -1 + 13 + -4. Suppose -z = 3*z + q. Let b(o) = 4*o. Calculate b(z).
-8
Let t(f) = -9*f**3 + f. Let b be t(-1). Suppose -h + 0 + b = -2*v, h = v + 5. Let s(x) = -x - 5 + 3 + h + 2. Determine s(5).
-3
Let r(y) = -201 + y - 142 + 335. Let k(a) = -a**2 - 7*a + 10. Let p be k(-7). Determine r(p).
2
Let a(s) be the second derivative of -2/3*s**3 + s**2 + 1/20*s**5 + 0 - 1/6*s**4 + 2*s. Let h be a(3). Let z(l) = 3*l + 1. Give z(h).
-2
Suppose 30*d + 304 = 46*d. Let u(q) = -q**3 + 19*q**2 + q - 24. Give u(d).
-5
Let i be 6/4*(-140)/(-30). Let p(z) = -i*z + 4*z + 7*z - 3 - 2*z. Suppose -4*f - 10 = -6*f. What is p(f)?
7
Let v(u) = -5 - 311*u - 5*u**2 + 4*u**2 + 159*u + 153*u. Give v(5).
-25
Let d(y) = 73 - 82 - 23*y + 7*y + 12*y + 7*y. Determine d(4).
3
Let l(h) be the first derivative of -h**2/2 - 7*h - 39. Let x(g) = -6*g - 36. Let v(y) = -21*l(y) + 4*x(y). What is v(4)?
-9
Let o(f) = 31*f + 185. Let h be o(-6). Let x be 2/3 - (-2)/6. Let t(b) = 2 + 6*b**3 - x + b**2 - 2. What is t(h)?
-6
Suppose 3*w - 26 - 4 = 5*k, 3*k - w + 18 = 0. Let u(m) = -m**3 - 7*m**2 - 4*m + 6. What is u(k)?
-6
Let f(g) = 3*g + 8*g - 19*g + 9*g. What is f(4)?
4
Let a(s) = 11*s**3 + 13*s**2 + 24*s - 9. Let y(t) = 31*t**3 + 38*t**2 + 71*t - 27. Let n(r) = 17*a(r) - 6*y(r). Determine n(9).
9
Let x(l) = 10*l - 2 + 3 - 11*l + 0*l + 1. Calculate x(16).
-14
Suppose -d + 16 = -2*s, -2*s - 2 = 2. Let b be (-16)/(-6) + 4/d. Let n(z) = 10*z**3 - 5*z**3 - 1 + b*z**3. Calculate n(1).
7
Let p(a) be the first derivative of a**6/120 + a**5/10 + a**4/12 + 2*a**3/3 + 13*a**2/2 + 17. Let d(w) be the second derivative of p(w). What is d(-6)?
-8
Suppose -91*w = -21 + 112. Let o(u) = 2*u - 5. Let l(v) = -2*v + 4. Let n(h) = -5*l(h) - 4*o(h). Calculate n(w).
-2
Let u(m) = -m**3 + m**2 - m. Let n be u(2). Let g = n + 2. Let f(o) = -o**2 - 7*o - 6. Calculate f(g).
6
Let p(h) be the second derivative of -h**5/20 - 5*h**4/12 - h**3/2 + 2*h**2 + 31*h. Calculate p(-3).
-5
Let u(g) = -2*g - 99 + 97 + 6*g - 2*g. Calculate u(4).
6
Let o(z) = z + 15. Let r be o(-15). Suppose -2*y = -r*y. Let p(b) = b + 12. Calculate p(y).
12
Let s be (40/30)/(1/(-2 + -4)). Let w(r) = r**3 + 8*r**2 + 3*r - 1. Determine w(s).
-25
Let q(m) = -m**3 + 4*m**2 + 7*m - 5. Let x be q(6). Let t be 3/((-166)/(-504) + 10/(-45)). Let k = t + x. Let c(l) = -l + 1. Calculate c(k).
8
Let u(d) = 62*d - 37. Let i(g) = 34*g - 19. Let w(o) = -11*i(o) + 6*u(o). Calculate w(-4).
-5
Let k(y) = 2*y**2 - 23*y - 6. Let a(m) = 2*m**2 - 20*m - 5. Let c(g) = 7*a(g) - 6*k(g). Determine c(-4).
41
Suppose -13*c + 20*c - 35 = 0. Suppose -c + 0 = k - y, -4*y = 0. Let m(n) = -n**2 - 2*n + 1. Give m(k).
-14
Let g(r) = -2*r**2 - r + 1. Let j(f) = -f**2 - 3*f + 11. Let h(w) = -4*g(w) + j(w). Calculate h(-2).
33
Suppose 3*a + 58 = 2*d + 3*d, -2*d = a - 21. Let i(f) = 2*f - 23. Let h be i(d). Let g(q) = 11*q**3 - 2*q**2 - q. Give g(h).
-12
Let w(o) be the first derivative of 10*o**2 + o - 32. Give w(-2).
-39
Let l(k) = 7*k**2 + 5*k + 5. Let x(z) = 6*z**2 + 6*z + 3. Let u(o) = -5*l(o) + 6*x(o). What is u(-12)?
5
Let x(a) be the third derivative of -a**7/5040 - a**6/240 - a**5/60 + 9*a**2. Let w(v) be the third derivative of x(v). Let k = 24 - 29. Give w(k).
2
Suppose 3*v + 26 = 5*d, -4*d - 9 = v - 6. Let l(p) = -p - 28. What is l(v)?
-21
Let n(k) = 2*k - 2. Suppose -2 = -2*w - 10. Let g be w/5*(15 + -10). Give n(g).
-10
Suppose 10*j - 5*j + 12 + 13 = 0, 4*j = 5*q. Let p(n) = 1. Let a(h) be the second derivative of -h**3/3 - 2*h**2 + h. Let b(r) = a(r) - 2*p(r). Give b(q).
2
Let q(z) be the third derivative of z**6/120 - 2*z**5/15 - 3*z**4/8 - 5*z**3/6 - 286*z**2. What is q(9)?
-5
Let b(g) = -g**3 + 67*g**2 + 5*g - 70*g**2 - 2 + 8. What is b(-4)?
2
Let z(s) = -s + 5. Let h be z(14). Let n = 12 + h. Let l(o) = -2*o**2 + 3*o + 3. Give l(n).
-6
Let z(v) = -v**2 + v - 3. Let f(m) = 2*m**2 - m + 8. Let r(n) = n**2 - n - 1. Let t(q) = f(q) + r(q). Let w(i) = -4*t(i) - 9*z(i). Calculate w(-1).
-3
Let s(n) be the first derivative of 2*n**2 + 6*n - 308. What is s(-4)?
-10
Let m(s) = -s**2 - 2*s. Suppose 28 - 120 = -23*o. Calculate m(o).
-24
Let l(b) = 6*b + 4. Let k be (16/(-10))/(6 - 252/45). Determine l(k).
-20
Suppose 3*n - 361 = -0*l - 4*l, 0 = -2*l + 4*n + 164. Let r = l - 47. Let i(d) = 23*d**2 - r*d**2 - 5*d - d**3 + 5 + 23*d**2. Determine i(4).
1
Let q(b) = b - 1. Let a be (-20)/(-10) - (5 + -2). Let x(u) = u**2 + u - 3. Let p(m) = a*x(m) - 2*q(m). What is p(-5)?
-5
Let r be 2 - (-4)/(-2) - -2. Let j(l) = -7 + 7*l + 0*l**3 + 1 - l**3 + l**r + 2*l**2. What is j(4)?
6
Let k(p) = -2*p**2 - 3*p + 5. Suppose 1 = -u + n - 4*n, -5*n - 1 = 2*u. What is k(u)?
-9
Let n(j) = j**2 + j. Let h(d) = -d**3 + 7*d**2 - d + 9. Let i be h(7). Suppose 0 = -i*w - 0*w + 6. Suppose w*k + 1 = 4*k. What is n(k)?
2
Let r(o) = -2*o**2 - 5*o - 7. Let b be r(-2). Let z(i) be the first derivative of -i**4/4 - 2*i**3 - 5*i**2/2 - 5*i - 6. Calculate z(b).
-5
Let i(t) = 4*t**2 + 6*t + 1. Let f(c) = -4*c**2 - 8*c - 1. Let l(k) = -2*f(k) - 3*i(k). Give l(2).
-21
Let v(t) = -t**2 + 5*t - 10. Let b be v(2). Let z(j) = j**3 + 3*j**2 + 8. Let y be z(b). Let u(f) = -2*f - 10. Determine u(y).
6
Suppose 3*t + 2 = 4*d + 6*t, -5*t = -5*d + 20. Suppose -23 = 3*m + 2*i, 2*m = -0*m + 2*i - d. Let a(w) = w + 7. What is a(m)?
2
Let x(c) = -7*c - 2. Suppose -4*f - 5*o = -12, -2*f - 4*o + 5 = -1. Give x(f).
-23
Let l(p) = 150 + 149 - p + 155 - 442. What is l(-5)?
17
Let i be (-4)/(-22) - 20/(-11). Let n(s) = -12*s**2 + 13*s**i + 3*s + 2 + 2. Calculate n(3).
22
Let y(q) = -6*q + 7. Suppose -3*w - 9*w -